
18
Calculate the highest common factor of 83538374 and 136.
34
What is the greatest common factor of 17122841 and 6064?
379
What is the highest common factor of 9206171 and 383?
383
Calculate the greatest common factor of 1895 and 203925.
5
Calculate the highest common factor of 25 and 1252276625.
25
Calculate the greatest common divisor of 1360262 and 86.
86
Calculate the highest common factor of 30269232 and 16128.
1008
Calculate the greatest common factor of 4843 and 430025.
167
What is the greatest common divisor of 6420 and 59223644?
428
What is the highest common factor of 2305 and 1700894075?
2305
What is the greatest common divisor of 4956265764 and 116?
116
Calculate the highest common divisor of 1356 and 209091132.
1356
What is the highest common factor of 3872890 and 183610?
4270
Calculate the highest common factor of 5508 and 1197684.
612
Calculate the highest common divisor of 154 and 158360090.
14
Calculate the highest common divisor of 452 and 1279616.
4
What is the highest common factor of 2585397824 and 8992?
8992
Calculate the highest common divisor of 120189737 and 41.
41
Calculate the greatest common factor of 526 and 4296631.
263
What is the greatest common factor of 384416 and 192?
32
What is the highest common divisor of 7777056 and 73556?
1988
What is the highest common divisor of 2102 and 476928035?
1051
Calculate the highest common factor of 624 and 147344.
16
What is the greatest common factor of 469154 and 4718?
14
What is the greatest common factor of 46296 and 71109?
9
Calculate the highest common divisor of 123480 and 208368.
72
Calculate the highest common divisor of 2810 and 94262855.
1405
Calculate the greatest common factor of 88750972 and 6740.
1348
What is the greatest common divisor of 212019330 and 30?
30
What is the highest common factor of 1534 and 27482377?
767
What is the greatest common factor of 62376374 and 685?
137
What is the greatest common divisor of 1365 and 29028545?
455
Calculate the greatest common divisor of 18422076 and 1044.
348
What is the greatest common divisor of 2906330822 and 7802?
7802
What is the greatest common divisor of 504 and 33471018?
126
Calculate the highest common factor of 26 and 870226487.
13
What is the highest common factor of 321595294 and 244?
122
What is the greatest common divisor of 8906444 and 59786?
334
Calculate the highest common factor of 55413 and 43569.
423
Calculate the highest common divisor of 1353616 and 11.
11
What is the highest common factor of 1351740628 and 56?
28
Calculate the highest common divisor of 7228 and 52741.
13
Calculate the greatest common factor of 4438 and 6506.
2
What is the highest common divisor of 13703 and 3329006820?
13703
Calculate the highest common factor of 801 and 3542289.
267
Calculate the highest common divisor of 74448 and 628056.
792
Calculate the highest common factor of 2348533 and 3719991.
3553
What is the greatest common divisor of 1922984238 and 42?
42
Calculate the greatest common factor of 294 and 446362.
14
What is the highest common divisor of 752388 and 84838?
338
What is the highest common factor of 1762164 and 7812?
1116
Calculate the highest common factor of 89280088 and 5795.
1159
Calculate the highest common divisor of 1293 and 2745039.
1293
What is the highest common divisor of 6089195 and 105?
35
What is the highest common divisor of 8 and 10975112?
8
What is the greatest common divisor of 21301 and 91987?
119
What is the greatest common factor of 211074 and 510032?
254
Calculate the highest common divisor of 31252740 and 24705.
915
Calculate the greatest common divisor of 2664 and 5821272.
72
What is the highest common factor of 414 and 449920986?
138
Calculate the highest common divisor of 3318 and 25019142.
474
What is the greatest common factor of 9625 and 370480?
55
Calculate the highest common divisor of 189 and 4341483.
9
What is the greatest common divisor of 1091153 and 42?
7
What is the greatest common factor of 1031784 and 159536?
104
What is the highest common factor of 1195555 and 33755?
785
What is the highest common divisor of 50764861 and 1409?
1409
Calculate the highest common divisor of 279 and 426274087.
31
Calculate the highest common factor of 44555 and 1505.
35
Calculate the highest common divisor of 112868808 and 3760.
376
Calculate the greatest common factor of 9215649 and 62.
31
Calculate the highest common factor of 27846 and 17993430.
1638
What is the greatest common factor of 57 and 28559451?
57
What is the greatest common divisor of 11500565 and 1077?
359
What is the greatest common divisor of 14152094 and 119416?
1298
Calculate the highest common divisor of 272229078 and 6024.
1506
What is the greatest common factor of 1266565 and 22879?
137
What is the highest common divisor of 165 and 304641?
3
Calculate the greatest common factor of 13 and 1049937421.
13
Calculate the highest common divisor of 42 and 33891114.
6
What is the highest common factor of 17550 and 300856140?
3510
What is the highest common divisor of 518739522 and 126?
42
Calculate the greatest common divisor of 46292318 and 41258.
842
What is the greatest common factor of 36 and 2040580?
4
Calculate the highest common factor of 1136 and 2985621.
71
Calculate the greatest common divisor of 1630 and 49509946.
326
What is the greatest common factor of 468 and 14698333?
13
What is the greatest common factor of 2915449 and 13948?
317
What is the greatest common factor of 62 and 1349176?
2
What is the highest common divisor of 288 and 67864?
8
Calculate the highest common divisor of 6 and 211726.
2
What is the highest common divisor of 54643 and 15370?
53
What is the greatest common divisor of 35 and 66950415?
35
What is the highest common divisor of 544970146 and 2436?
406
What is the greatest common factor of 17923569 and 183?
183
Calculate the highest common factor of 121325 and 299831.
211
What is the highest common factor of 745726 and 82?
2
Calculate the highest common divisor of 630 and 14404180.
70
What is the highest common divisor of 448 and 4589137?
7
What is the highest common divisor of 14 and 408284527?
7
What is the greatest common divisor of 36 and 1579278?
6
Calculate the highest common divisor of 958723 and 12827.
127
What is the highest common divisor of 105040558 and 25074?
2786
Calculate the greatest common factor of 10350857 and 329.
47
Calculate the highest common factor of 106359139 and 721.
103
What is the highest common divisor of 28 and 4675447?
7
What is the highest common factor of 13491387 and 5733?
819
What is the greatest common divisor of 283541166 and 12?
6
What is the greatest common divisor of 26709 and 957?
87
Calculate the greatest common divisor of 222754 and 1356981.
2273
What is the greatest common factor of 139425 and 129525?
825
Calculate the highest common divisor of 1581 and 32483226.
1581
Calculate the greatest common factor of 1099 and 44313878.
1099
Calculate the greatest common factor of 293835 and 60705.
285
What is the highest common divisor of 293595 and 93?
3
Calculate the highest common factor of 8 and 1815508.
4
What is the highest common factor of 49209621 and 4173?
321
Calculate the greatest common factor of 43 and 2017971037.
43
Calculate the greatest common factor of 3462028 and 228.
76
Calculate the greatest common factor of 1061431 and 407358.
371
Calculate the highest common divisor of 389528 and 344195.
1679
What is the highest common factor of 1393 and 58128497?
1393
What is the highest common divisor of 33217319 and 1242399?
9631
Calculate the greatest common factor of 5600 and 22457120.
1120
Calculate the greatest common factor of 14286550 and 350.
50
Calculate the greatest common divisor of 3273 and 61299.
3
Calculate the greatest common divisor of 182748 and 402.
6
What is the greatest common factor of 3365973 and 973440?
1521
What is the highest common divisor of 637905 and 33?
3
What is the greatest common factor of 39621414 and 1512?
42
Calculate the greatest common factor of 935 and 53222444.
187
Calculate the greatest common divisor of 15 and 42574065.
15
What is the greatest common divisor of 291298 and 35854?
14
Calculate the highest common factor of 7751043 and 28179.
909
What is the greatest common factor of 54885104 and 9381?
3127